-1). Let n = z + y. What are the prime factors of n?
2, 3
Suppose 20 = -2*f + 7*f. Suppose -5*g - 1 = w - f*w, 3*g + 5*w = 13. Suppose -m + g = -25. What are the prime factors of m?
2, 13
Let z be 55/45 + (21/27 - 1). Let b(x) be the third derivative of 13*x**5/30 - x**4/24 - x**3/6 + x**2. List the prime factors of b(z).
2, 3
Let s = -170 - -327. Suppose -4*b + s = p, -p = -b + p + 46. What are the prime factors of b?
2, 5
Let m(b) = -46*b - 6. What are the prime factors of m(-5)?
2, 7
Let q(l) = -69*l. Let n be q(-2). Let j = n - 251. Let z = -77 - j. List the prime factors of z.
2, 3
Suppose -3*p + 9 = -3*r, -5*r + 5 = 2*p + 3*p. What are the prime factors of 1/((10/825)/p)?
3, 5, 11
Let q = -4890 + 7592. What are the prime factors of q?
2, 7, 193
Suppose -u = l - 67, 4*u - 71*l = -66*l + 268. List the prime factors of u.
67
Let v(j) = 29*j - 76. What are the prime factors of v(12)?
2, 17
Let r = 20 - 17. Suppose 2*t = s + 3, -s - r - 4 = -3*t. Suppose 3*i + t = 103. List the prime factors of i.
3, 11
Suppose 0 = 36*o - 43*o + 8155. List the prime factors of o.
5, 233
Let w(n) = 2*n + 9. Let u be w(-4). List the prime factors of 2/(u + -3)*365/(-5).
73
Let u(b) = -38*b - 10. Let i be u(-3). Suppose 0 = 5*l - i - 216. List the prime factors of l.
2
Suppose -9*m + 23443 = -13088. What are the prime factors of m?
3, 11, 41
Let w be (-5 - 3)*5/(-2). List the prime factors of 10/w*(284 + 0).
2, 71
Suppose 4*g - 1676 = -4*s - 0*s, -429 = -s + 4*g. List the prime factors of s.
421
Suppose 4*i - 1342 = -5*s, -3*s + 501 = -5*i - 282. List the prime factors of s.
2, 7, 19
Suppose -3*i - 4*j + 26 = -3*j, 2 = j. Let x(t) = -t**2 + 10*t + 2. Let o be x(i). Suppose 4*h - o = 2*p, -h + p + 2*p = 3. What are the prime factors of h?
2, 3
Let p be (1 + 0)/((-3)/(-15)). Let f = p + 1. Suppose f = c - 28. List the prime factors of c.
2, 17
Let d(a) = a**2 + 14*a + 11. Let k be d(-13). List the prime factors of 5/k*-38 + -3.
2, 23
Suppose 6 + 84 = 10*o. Let u = -272 + 560. List the prime factors of (12/o)/(6/u).
2
Let d(t) = -36*t + 112. List the prime factors of d(-14).
2, 7, 11
Let v = 245 - 134. What are the prime factors of v?
3, 37
Let v(u) = -4*u + 4. Let o be v(-2). Let f(j) = 6*j + 8. What are the prime factors of f(o)?
2, 5
Let n = 14 + -9. Suppose 3*q - n*q = -4. Suppose -2*r - x + 54 = 0, 2*x + 49 = q*r - 5. What are the prime factors of r?
3
Let v(b) be the third derivative of -5/3*b**3 - 1/4*b**4 + 0 + 0*b - 8*b**2. List the prime factors of v(-8).
2, 19
Suppose 0 = -8*p + 21*p - 13611. What are the prime factors of p?
3, 349
Let v(i) = 1. Let d(n) = 7*n - 2. Let g(h) = -d(h) - 6*v(h). List the prime factors of g(-5).
31
Suppose d + 3*w - 9 = -3, 0 = d + w - 14. Suppose -5*u = -2*u + 5*y - 28, 3*y + d = 4*u. Suppose 5*c - u*c = -11. What are the prime factors of c?
11
Let i = 2518 + -1397. What are the prime factors of i?
19, 59
Let i(d) = d**3 - 6*d**2 - 5*d - 18. Let q be i(7). Let y be -182 - (-2)/(-4)*4. What are the prime factors of (y/(-20))/(q/(-10))?
23
Suppose -5*j + 12 = -2*j. Suppose -5*p = 2*q + 8, -q - 4*q = -j*p - 46. List the prime factors of (-1030)/(-22) + q/33.
47
Let f(d) = -d**3 - 8*d**2 - 9*d - 2. Let o be f(-7). Let c = 16 - o. What are the prime factors of 23/4 - (-1)/c?
2, 3
Suppose -15 = 3*k, c - 2*k - 343 = -16. What are the prime factors of c?
317
Let d be (-780)/(-140) - 8/14. Suppose 5*l - 284 = -0*l - w, 288 = d*l + 2*w. List the prime factors of l.
2, 7
List the prime factors of ((-10)/8)/((-30)/17160).
5, 11, 13
Suppose 54*g = 58*g - 3*j - 14177, 17730 = 5*g + 5*j. What are the prime factors of g?
5, 709
Suppose -2*q - 3*q + 30 = 0. What are the prime factors of (10/q)/((-3)/(-306))?
2, 5, 17
Let u(k) = -k**3 + 8*k**2 + 9*k + 5. Let s be u(9). Suppose -l + 0*f + 40 = f, -s*f = -l + 46. List the prime factors of l.
41
Let t = 995 + -429. List the prime factors of t.
2, 283
Let q be 0/(-4) + 190/2. Let g = q + -21. What are the prime factors of g?
2, 37
Let l = 6566 + -1289. What are the prime factors of l?
3, 1759
Let n be -3 + (-161)/(-28) - (-2)/8. Suppose 2*o = n*q + 290, o - 171 = -5*q - 0*q. List the prime factors of o.
151
Let f be (6 - 0)*(-4)/(-6). Suppose 2*t = f*t - 280. Suppose 2*v - t = -2*v. List the prime factors of v.
5, 7
Let v(b) = -29*b - 154. What are the prime factors of v(-27)?
17, 37
Suppose q = 14 - 3. Suppose q + 61 = 3*n. Let k = n + 2. What are the prime factors of k?
2, 13
Suppose -4*o + 2701 + 1145 = 2*n, -4*o + 3849 = 5*n. List the prime factors of o.
31
Let a(o) = o**3 - 10*o**2 + 4*o + 14. What are the prime factors of a(12)?
2, 5, 7
Suppose 0 = 2*i + 5*v, -v - 11 = -2*i + 1. Let a = -5 + i. Suppose -b = -a*b - 19. List the prime factors of b.
19
Let b(t) = 14*t + 16. Let r be b(-5). Let w be (-798)/r + (-4)/(-18). Let l = -3 + w. What are the prime factors of l?
2, 3
Suppose -3525 = -5*c + g, 5*c - 13*g = -10*g + 3515. What are the prime factors of c?
2, 353
Let r be ((-1)/2 + 1)*6. Let n = r + 2. Suppose i - 9 = n. What are the prime factors of i?
2, 7
Let g(h) = 59*h - 354. What are the prime factors of g(18)?
2, 3, 59
Let f = -30 - -45. Suppose 0*k + 111 = 3*k + 5*d, 5*d - 185 = -5*k. Let y = k - f. What are the prime factors of y?
2, 11
Suppose -20*x = -17*x + 4*f - 2533, 0 = -3*f - 6. List the prime factors of x.
7, 11
Let m be (-15)/6*8/(-4). Suppose 5*f = -m*z - 5, -5*f - z = -12 + 1. Suppose 20 - 74 = -f*h. List the prime factors of h.
2, 3
Let a = -406 - -601. List the prime factors of a.
3, 5, 13
Let j = 320 - 126. Suppose -5*u = 64 - j. Let p = -17 + u. What are the prime factors of p?
3
Let u(w) = w**3 - 16*w**2 + 16*w - 19. Let m be u(15). What are the prime factors of 47 + 0/(m/(-2))?
47
Suppose -9 - 3 = 3*s, -i - 5*s - 13 = 0. Suppose -f = i*f - 1352. List the prime factors of f.
13
Let f(l) be the third derivative of l**4/24 - 7*l**3/6 - l**2. Let c be f(9). List the prime factors of 29 + (-2 - 1) + c.
2, 7
Suppose 4*n + 127 = 3*h + 3*n, 171 = 4*h - 3*n. Suppose -12 = -z + h. What are the prime factors of z?
2, 3
List the prime factors of 268212/62*((-16)/(-6) + -2).
2, 7, 103
Let u = 591 - 492. What are the prime factors of u?
3, 11
Let p = -19 + 26. Suppose v = -5*t + 70, -p*v + 5*t + 260 = -2*v. What are the prime factors of v?
5, 11
Let x(w) = w**3 - 14*w**2 + 5. Let g be x(14). Let q(o) = 24*o. List the prime factors of q(g).
2, 3, 5
Suppose -13*q + 7202 = -637. What are the prime factors of q?
3, 67
Suppose 47 = 5*g - 3. List the prime factors of (41/1)/(g + -9).
41
Suppose 8*l - 2841 = -737. What are the prime factors of l?
263
Let s = 22 + -16. Suppose s = b + b. Let r(k) = 3*k**2 - 4*k + 2. List the prime factors of r(b).
17
Let u(b) = -b**3 - 8*b**2 + 16*b + 3. Let m be u(-9). Let k = 152 + m. What are the prime factors of k?
2, 23
Suppose 8*o - 2*o = 66. Suppose -o = -4*s - 3. What are the prime factors of s?
2
Let m = -5366 - -7698. List the prime factors of m.
2, 11, 53
Let i(h) be the first derivative of h**4/4 - h**2/2 - h - 1. Let n be i(-2). Let j = n - -13. List the prime factors of j.
2, 3
Let n(c) = -c**2 + 12*c + 13. Let s be n(13). Suppose 5*x - 58 - 912 = s. What are the prime factors of x?
2, 97
Let z be (0 - (-4 + 2)) + 1. Suppose -16 + 4 = -z*r. Suppose r*w + 5*u = 91, u - 2*u = 2*w - 47. List the prime factors of w.
2, 3
Suppose 5*m = 4*i + 4644, -4*m + 3724 = i - 2*i. What are the prime factors of m?
2, 233
Let m be 0*1/(-2)*1. Suppose -3 = -m*p - p, -5*p = -o + 13. List the prime factors of o.
2, 7
Let n = 607 - 431. What are the prime factors of n?
2, 11
Let z(o) = 5*o**2 + 32*o + 10. Let u(v) = 2*v**2 + 11*v + 3. Suppose -2*l - 6 = 10. Let m(n) = l*u(n) + 3*z(n). List the prime factors of m(7).
13
Let s(j) be the third derivative of j**4/24 - 7*j**3/6 + 2*j**2. Let l be s(3). List the prime factors of 23*(-6 - -3 - l).
23
Let l = -23 - -38. Let s = l + -11. List the prime factors of 4/s*4 - 2.
2
Let k(h) = -h**3 - 5*h**2 + 7*h + 5. Let b be (-6 + 7)*(-12)/2. Let n be k(b). Let d(f) = -82*f**3 + f**2 - 1. List the prime factors of d(n).
2, 41
Let d = -19 + 17. Let q be d - (-2)/(-1) - 2. What are the prime factors of (-486)/(-10) - q/(-10)?
2, 3
Suppose 5*u - 3 = -m + 7, 10 = m - 5*u. What are the prime factors of (-275)/m*(-18)/15?
3, 